at is the greatest common divisor of l and 12?
12
Suppose 2*d + 3*d = 360. What is the highest common factor of d and 8?
8
Suppose -17*p - 27 = -26*p. What is the highest common factor of p and 54?
3
Suppose z - 2 = -3*o - 1, 5*o + 3*z + 1 = 0. What is the highest common divisor of 14 and o?
1
Suppose -n - n + 270 = 0. Suppose 3*f + 15 = n. What is the greatest common divisor of 5 and f?
5
Suppose -3*d + 105 = 4*l, -l - 7*d = -2*d - 5. What is the highest common factor of l and 105?
15
Let h(s) = s**3 + 11*s**2 - 6. Let m be h(-10). Let b = m + -31. Calculate the greatest common divisor of b and 7.
7
Let n = 14 + -2. Let x be ((-84)/10)/((-1)/10). Calculate the greatest common divisor of n and x.
12
Let g = 69 + -68. What is the highest common divisor of g and 16?
1
Let p = -2 + 6. Suppose 0 = 5*f - p - 11. Suppose f*b + 12 = 4*b. Calculate the greatest common divisor of 24 and b.
12
Suppose 4*t = -t + 25, -3*b = 4*t - 44. Let c be b/(-16) + (-70)/(-4). Calculate the greatest common divisor of 51 and c.
17
Let d(g) = g**3 + 3*g**2 - 3*g + 4. Let h be d(-4). Suppose h = 2*n - 3*p + 4, 2*n + 1 = -5*p + 29. Calculate the greatest common factor of n and 36.
4
Suppose 281 = -5*s - j, -5*s + j - 6*j - 285 = 0. Let u be 1/8 - 497/s. What is the greatest common divisor of 45 and u?
9
Let l = -64 + 36. Let t be (-8)/l*3*14. Calculate the greatest common divisor of 36 and t.
12
Let n = -7 + 21. Suppose -4*v + n = -50. Let p be (0/3 + v)*2. What is the greatest common factor of p and 4?
4
Let l(t) = -2*t**3 - 19*t**2 - t + 1. Let u(b) = b**3 + 10*b**2. Let x(a) = -3*l(a) - 5*u(a). Let o be x(-3). Calculate the highest common factor of 6 and o.
6
Let n(g) = g - 1. Let v be n(2). Let y = v - -29. What is the highest common factor of y and 3?
3
Suppose -2*w - 24 = -206. Let n be 126/24 - (-1)/(-4). Suppose n*f - 55 = -5*q, -6*q + q + 5*f = -75. Calculate the highest common divisor of w and q.
13
Let m be (2 + -14)/(5 - 6). Calculate the highest common factor of 108 and m.
12
Suppose -3*n + 0*n + 6 = 0. Let g(w) = 4*w - 1. Let c be g(n). Calculate the greatest common divisor of 21 and c.
7
Let y be 4/(0 + 2 + 0). Let c = y - -2. Suppose 5*b = u + 62, -2*b + u = 4*u - 18. What is the greatest common divisor of c and b?
4
Let n(f) = 18*f. Let m be n(-1). Let s be (-12)/m + (-55)/(-3). What is the highest common divisor of 57 and s?
19
Suppose 10*g - 6*g - 132 = 0. Calculate the greatest common divisor of g and 297.
33
Suppose -3*j + j + 144 = 0. Let z = j - 2. Calculate the greatest common divisor of z and 14.
14
Let i be (-4)/(-12) - 62/(-3). Calculate the greatest common divisor of i and 105.
21
Let g(x) = 647*x**3 + x. Let z be g(1). Suppose -2*c = 2*c - z. Suppose -3*s = v + v - 67, -5*v - 2*s = -c. Calculate the highest common factor of v and 16.
16
Let k be (6/(-5))/((-4)/10). Let g(i) = 26*i + 6. Let t(z) = 25*z + 5. Let p(q) = -4*g(q) + 5*t(q). Let l be p(k). What is the highest common factor of l and 8?
8
Let z = -14 - -17. Let c(q) = q**3 + q**2 - 3*q - 3. Let m be c(z). What is the highest common divisor of m and 36?
12
Suppose x + 1 - 5 = 0. Suppose -7*r + 198 = -x*r. What is the greatest common factor of r and 44?
22
Let g(f) = 2*f**2 - f - 1. Let y be g(3). Suppose p = 3*p - 4*u - y, -4*u = 3*p - 51. Let r = 336 + -193. Calculate the greatest common divisor of p and r.
13
Let z = -41 + 162. What is the greatest common factor of 11 and z?
11
Let o be 17 + 1*(-2)/2. Let k(x) = x + 4. Let z be k(-2). What is the highest common divisor of z and o?
2
Let m be (3*(-1)/2)/(15/(-70)). Calculate the highest common factor of m and 49.
7
Let j(f) = f**2 + 4*f - 2. Let m be j(-6). Let d = 1 + m. Calculate the highest common factor of 22 and d.
11
Suppose -2*w - n = -9, -5*w + 14 = -n - 12. Let q be w - (-4 - (-9)/3). Suppose -q*y = -2*y - 72. Calculate the highest common divisor of y and 9.
9
Let p be (-16)/(-6)*6/4. Let d be ((-2)/p)/1*-6. Calculate the highest common divisor of 24 and d.
3
Suppose 4*t = 3*t + 3. Let r(v) = v - 10 - t*v + 4. Let w be r(-7). What is the highest common divisor of w and 40?
8
Let p(x) = -10*x - 2. Let o be p(-2). Suppose 4*r + 6 + o = 0. Let q be -4*21/r*6. What is the highest common divisor of q and 12?
12
Let s(v) be the first derivative of -51*v**2/2 + 3*v + 5. Let n be s(-2). Calculate the highest common factor of n and 42.
21
Let d(o) = 20*o**2 + 4*o. Let z be d(-2). What is the greatest common divisor of z and 48?
24
Let o = 40 + -24. Suppose -2*g + 36 = -3*g. Let s = g - -76. What is the greatest common factor of s and o?
8
Suppose 5*m - 43 = 32. What is the greatest common factor of m and 60?
15
Let v(r) be the second derivative of -r**3/2 + 3*r**2/2 - 4*r. Let k be 1/(-2 + 26/14). Let w be v(k). Calculate the greatest common divisor of w and 16.
8
Let f be 3/21 - (-110)/14. Suppose 43 - f = 5*m. What is the highest common divisor of m and 1?
1
Suppose -8 = -0*k - 4*k + 4*t, 4*k - 26 = -2*t. What is the greatest common divisor of 45 and k?
5
Let q be -3 + 2 + -1 + 5. Suppose 0 = q*x + 1 - 4. Calculate the greatest common factor of x and 9.
1
Suppose -3*f + 50 - 2 = 0. Let g be f/7 - (-4)/(-14). Let t(q) = -q**3 + 4*q**2 - 3*q + 2. Let k be t(g). Calculate the greatest common factor of k and 12.
4
Let f = 9 + -3. Let h be -6*((-16)/f)/2. What is the highest common divisor of h and 32?
8
Let t be (3/6)/(-3*(-3)/1728). Suppose -4*f + 65 = 17. Calculate the greatest common factor of t and f.
12
Let u = 29 + -44. Let j = u - -24. Suppose 2*f + 14 = 2*a - 2*f, -3*f - 24 = -3*a. What is the greatest common divisor of a and j?
9
Let c be 3/(5/1875*5). What is the highest common factor of 90 and c?
45
Let r(w) be the first derivative of w**4/4 + 5*w**3/3 + w**2/2 + 6*w - 8. Let n be r(-5). Calculate the greatest common divisor of 9 and n.
1
Let k(l) = -2*l + 6. Let h be k(3). Suppose h = -5*f + 4 + 36. Calculate the greatest common factor of f and 16.
8
Suppose 0 = -3*v + 5*r + 257 - 94, 2*r - 2 = 0. What is the greatest common divisor of v and 70?
14
Let k be 2 + (4 - -1 - -1). Calculate the greatest common factor of 8 and k.
8
Let v be 1 - 2 - (-30)/6. Suppose -b - x + 34 = 3*x, 0 = -v*b + x + 136. What is the highest common factor of b and 85?
17
Let l be (27/(-15))/(3/(-20)). What is the highest common divisor of 84 and l?
12
Let d = 63 + -36. Let i be (9/(-5))/(3/(-15)). Let g = i + 0. Calculate the highest common divisor of d and g.
9
Let b = 7 + -4. Let s be (-4)/(-6) + 1/3. Let f(j) = 21*j. Let c be f(s). Calculate the highest common factor of c and b.
3
Let i = 28 + -10. What is the greatest common divisor of 12 and i?
6
Let i = -2 + 10. What is the greatest common divisor of i and 40?
8
Let t(x) = 2*x**2 + 7*x + 1. Let m be t(-7). Calculate the greatest common divisor of m and 10.
10
Let o(u) = -46*u - 5. Let f be o(-2). Let r = f - -33. Calculate the highest common divisor of 15 and r.
15
Let y = 7 + 1. Calculate the highest common factor of 12 and y.
4
Suppose -5 = -4*b + 7. Let h be b*2/6*9. Suppose -h = -f + 4. What is the greatest common factor of 26 and f?
13
Suppose 3*u + 2*u = 90. Suppose 4*w = 8 + 16. Calculate the highest common factor of u and w.
6
Suppose 5*i - 132 - 93 = 0. Let q be (-73)/(-4) + 1/(-4). What is the highest common factor of i and q?
9
Let a(k) = -k**3 + k**2 + 8. Let b be a(0). Calculate the greatest common factor of b and 20.
4
Let b be 18 - 1*(-2 + -1). Let t = 34 - b. Calculate the greatest common divisor of 39 and t.
13
Suppose -5*g - s - 2*s = -256, -144 = -3*g + 3*s. Let k be 6/(-6)*g/(-2). Calculate the highest common factor of k and 10.
5
Let o(n) = n**2 - 8*n - 13. Let z be o(9). Let f = z - -59. Calculate the highest common factor of 11 and f.
11
Let o(y) = 2*y**2 - 5*y - 7. Let i be o(5). Let q = 22 - -5. Calculate the greatest common factor of q and i.
9
Let s = 139 - 133. What is the highest common factor of 6 and s?
6
Let q = 2 + -2. Suppose q = -0*l - 3*l + 153. Let i be ((-3)/(-1 - -4))/(4/(-68)). Calculate the highest common factor of i and l.
17
Suppose -14 = -t - 0*t. Let r = 11 - 4. Calculate the highest common divisor of t and r.
7
Suppose 69 - 13 = 7*l. Calculate the highest common factor of l and 40.
8
Suppose -3*z + 5*z = 50. Suppose 2*t + 1 = 5. Suppose 0 = -t